 p(x) = -6*x**2 + 66*x - 9. What is p(11)?
-9
Let w(x) = x**3 - x**2 - 9*x - 11. Give w(-2).
-5
Let q(c) = -26*c + 143. What is q(4)?
39
Let f(n) = -9*n - 44. What is f(-17)?
109
Let y(j) = 8*j - 55. Determine y(7).
1
Let f(l) = 2*l**3 - 12*l**2 + 6*l - 7. Determine f(5).
-27
Let z(t) = 26*t - 33. What is z(6)?
123
Let b(s) = 20*s**2 + s. Give b(1).
21
Let q(i) = -i**3 - 4*i**2 + 6*i - 12. What is q(-5)?
-17
Let h(a) = -4*a**3 + a**2 + 3*a - 2. What is h(1)?
-2
Let t(h) = h**3 - 11*h**2 + 5*h - 29. Calculate t(11).
26
Let f(d) = -6*d - 9. Determine f(-10).
51
Let u(p) = -10*p - 332. Calculate u(-33).
-2
Let d(o) = -2*o**2 - 11*o + 11. What is d(-8)?
-29
Let m(n) = -16*n + 65. Determine m(4).
1
Let x(u) = u**3 - 6*u**2 - 24*u + 13. Calculate x(10).
173
Let x(l) = 13*l - 317. Determine x(25).
8
Let d(n) = n**3 + 16*n**2 - 17*n + 13. What is d(-17)?
13
Let v(g) = g**2 - 5*g - 651. Give v(28).
-7
Let h(y) = -y**2 - 25*y - 72. Determine h(-19).
42
Let r(m) = -m + 2. Determine r(16).
-14
Let t(a) = -a**3 + 7*a**2 - 6*a + 3. What is t(6)?
3
Let m(z) = -4*z**2 + z. Calculate m(-1).
-5
Let p(s) = -s**2 + 15*s - 16. Determine p(18).
-70
Let w(r) = 3*r**3 - 19*r**2 - 9*r - 9. Determine w(7).
26
Let n(c) = 2*c**3 + c**2 - 2*c + 3. Determine n(2).
19
Let p(n) = -n**3 - n**2 + 2*n + 8. Determine p(0).
8
Let h(o) = o**2 + 2*o + 5. Determine h(-3).
8
Let p(h) = -2*h - 27. What is p(5)?
-37
Let l(k) = -k**3 + 11*k**2 + 21*k + 16. Determine l(13).
-49
Let t(c) = c**2 + 6*c - 19. Calculate t(-8).
-3
Let g(w) = 2*w + 2. What is g(-11)?
-20
Let a(y) = -y**3 + 8*y**2 + 12*y - 34. Give a(9).
-7
Let h(g) = -g**3 + 18*g**2 - g + 16. Calculate h(18).
-2
Let v(x) = x**3 - 18*x**2 + x + 29. Calculate v(18).
47
Let v(u) = u**2 - 6*u + 18. Give v(3).
9
Let m(i) = -i**2 - 4*i + 40. Calculate m(5).
-5
Let z(m) = m**2 + 2*m + 3. Give z(3).
18
Let a(y) = 2*y + 40. What is a(-15)?
10
Let g(z) = z**3 - 32*z**2 + 62*z - 64. Give g(30).
-4
Let x(z) = 7*z + 32. What is x(-5)?
-3
Let u(o) = 3*o**2 - 13*o - 6. Give u(6).
24
Let b(n) = -n**3 + 19*n**2 - 19*n - 5. Give b(18).
-23
Let b(z) = -4*z - 57. Give b(-18).
15
Let o(c) = c**2 + 15*c - 33. What is o(-17)?
1
Let s(p) = p**3 + 7*p**2 + 6*p - 5. Give s(-6).
-5
Let l(g) = 14*g**2 - 96*g - 7. Determine l(7).
7
Let g(w) = w**3 - 9*w**2 - 3*w - 3. What is g(9)?
-30
Let x(a) = -5*a + 159. Calculate x(32).
-1
Let p(f) = -2*f**2 - 3*f + 1. What is p(-7)?
-76
Let m(o) = -13*o**3 + 2*o - 1. What is m(1)?
-12
Let o(b) = b**3 + 7*b**2 - 2*b + 3. What is o(-7)?
17
Let u(d) = d**3 - 6*d**2 + 8*d - 2. Give u(3).
-5
Let j(r) = 2*r + 15. What is j(-9)?
-3
Let w(f) = -f**2 - 11*f + 3. Determine w(-12).
-9
Let w(a) = -10*a - 479. Give w(-47).
-9
Let u(r) = -76*r**3 - r**2 + r. Give u(1).
-76
Let q(n) = n**2 + 9*n - 14. Give q(-11).
8
Let r(l) = -13*l - 58. Determine r(5).
-123
Let m(n) = -n - 6. Calculate m(-5).
-1
Let x(i) = 6*i + 12. What is x(-5)?
-18
Let j(p) = 2*p**3 - 2*p**2 - 2*p - 4. Determine j(3).
26
Let r(c) = c + 19. Give r(-22).
-3
Let z(y) = -3*y + 14. What is z(8)?
-10
Let a(z) = -4*z**2 - 2*z. What is a(3)?
-42
Let x(r) = 4*r - 58. Calculate x(11).
-14
Let x(k) = -5*k**2 + k + 1. Determine x(-1).
-5
Let s(x) = 5*x**2 - 4*x - 2. Determine s(2).
10
Let g(f) = f**3 - f**2 - f + 31. Calculate g(0).
31
Let u(o) = -15*o + 6. Give u(3).
-39
Let d(h) = -10*h + 16. Give d(2).
-4
Let i(r) = -r**3 - 4. Determine i(3).
-31
Let b(y) = y**3 - 7*y**2 + 3*y + 6. What is b(6)?
-12
Let j(x) = -6*x**2 - 3*x. Give j(-3).
-45
Let c(r) = -2*r**2 + 2*r + 41. Calculate c(0).
41
Let r(a) = 6*a - 11. Give r(4).
13
Let f(j) = j**3 - 5*j**2 + 6*j - 14. Give f(4).
-6
Let n(d) = 3*d + 53. Give n(-13).
14
Let l(z) = -15*z**2 - 2*z + 1. What is l(2)?
-63
Let t(k) = 62*k**3 - 4*k + 3. Determine t(1).
61
Let a(y) = -3*y**3 - 7*y**2 + 9*y - 3. Determine a(1).
-4
Let t(v) = v**2 + 13*v + 2. Give t(-11).
-20
Let q(k) = 7*k - 7. Calculate q(5).
28
Let z(k) = k**3 - 3*k**2 - 4*k + 2. Give z(5).
32
Let s(o) = o. Determine s(-4).
-4
Let w(y) = -y**2 + 7*y + 2. Give w(9).
-16
Let b(u) = -4*u**3 + u**2 + 2*u + 1. Determine b(-1).
4
Let r(u) = u**2 - 19*u + 79. Give r(6).
1
Let v(w) = -w**2 - 6*w - 8. Determine v(-13).
-99
Let n(z) = -3*z - 30. Determine n(-24).
42
Let n(r) = -3*r + 14. What is n(5)?
-1
Let g(n) = -n**3 - 6*n**2 - 6*n - 1. What is g(-5)?
4
Let d(m) = -35*m - 253. What is d(-7)?
-8
Let j(p) = -7*p + 286. Calculate j(40).
6
Let a(q) = 5*q - 1. What is a(-2)?
-11
Let o(g) = -g**3 - 5*g**2 - 2*g - 7. Give o(-5).
3
Let o(y) = -10*y + 19. Calculate o(2).
-1
Let x(m) = -4*m + 183. What is x(45)?
3
Let v(d) = d**2 + 30*d + 7. Give v(-26).
-97
Let c(s) = -s + 1. Determine c(-10).
11
Let x(i) = -i - 14. Give x(-19).
5
Let n(z) = -5*z**2 + 3*z + 22. Give n(-2).
-4
Let t(g) = -6*g - 128. Determine t(-19).
-14
Let a(n) = -5*n**2 - 4*n + 3. What is a(2)?
-25
Let s(m) = -6*m**3 + m**2 + 23*m - 24. Determine s(1).
-6
Let u(h) = h - 22. Determine u(27).
5
Let m(z) = -z**3 + 29*z**2 - 119*z - 21. Determine m(24).
3
Let u(y) = -y**3 + 7*y**2 - 5*y - 20. Give u(6).
-14
Let f(o) = -5*o + 47. What is f(14)?
-23
Let x(p) = p**3 - 4*p**2 - 4*p - 3. Give x(5).
2
Let o(t) = t**3 + 6*t**2 - 10*t - 5. Determine o(-7).
16
Let o(v) = -v**3 - 4*v**2 + 23*v + 11. Give o(-7).
-3
Let s(l) = -l**3 + 11*l**2 - 12*l + 8. Give s(10).
-12
Let v(x) = -x**2 + 16*x - 58. What is v(11)?
-3
Let w(k) = 2*k**2 - 9*k - 14. What is w(-5)?
81
Let z(d) = -2*d - 22. Calculate z(-8).
-6
Let c(u) = -u**3 + 9*u**2 - 2*u + 9. Give c(5).
99
Let u(q) = q**3 + 5*q**2 - 20*q + 1. Calculate u(-8).
-31
Let c(q) = -5*q - 20. Give c(-7).
15
Let l(g) = g**3 + 4*g**2 - 10*g + 11. What is l(-6)?
-1
Let o(k) = -k + 8. Calculate o(4).
4
Let l(f) = -f**3 - 3*f**2 + 4*f + 6. What is l(-4)?
6
Let u(t) = 6*t - 4. What is u(6)?
32
Let h(u) = 2*u**2 + 8*u. What is h(-6)?
24
Let s(k) = 3*k**2 - 11*k - 10. What is s(5)?
10
Let s(y) = y**2 - 79*y - 82. Give s(80).
-2
Let o(f) = f**2 - 17*f + 54. What is o(13)?
2
Let y(a) = a**3 - 4*a**2 + 6. Give y(4).
6
Let j(r) = r + 18. What is j(-10)?
8
Let s(x) = -2*x + 43. What is s(29)?
-15
Let z(s) = 6*s - 7. Calculate z(5).
23
Let d(o) = 5*o**2 - 4. Calculate d(-5).
121
Let f(a) = 30*a**2. Give f(-1).
30
Let w(y) = 4*y - 37. Calculate w(19).
39
Let u(s) = 13*s**2 + 7*s - 4. Determine u(3).
134
Let o(m) = 124*m - 736. Give o(6).
8
Let u(z) = -12*z**2 - 30*z + 4. Determine u(-3).
-14
Let w(x) = x**3 + 9*x**2 + 18*x + 37. Determine w(-7).
9
Let h(o) = 6*o - 241. Give h(39).
-7
Let d(p) = -2*p**2 + 6. Determine d(-2).
-2
Let k(w) = w**3 + 7*w**2 - 6*w + 8. Determine k(-8).
-8
Let d(h) = -2*h**3 - 3*h**2 + 5*h - 1. Determine d(1).
-1
Let v(q) = q**3 - 35*q**2 - q + 36. Give v(35).
1
Let x(u) = -u**3 - 10*u**2 + 11*u + 9. What is x(-11)?
9
Let v(y) = -y**3 + 7*y**2 - 10*y - 4. Calculate v(6).
-28
Let p(v) = -v**3 + 12*v**2 + 16*v + 36. Calculate p(13).
75
Let s(j) = 5*j - 72. Give s(13).
-7
Let x(f) = -19*f + 126. Calculate x(6).
12
Let l(z) = z**3 + 6*z**2 - 15*z - 7. Give l(-6).
83
Let n(m) = 8*m + 41. Give n(-6).
-7
Let k(y) = -y**2 - 9*y - 2. What is k(-6)?
16
Let z(i) = i**2 - 20*i + 54. Determine z(3).
3
Let o(g) = -g**2 - 102*g - 2520. What is o(-42)?
0
Let u(x) = -3*x**2 + 16*x - 11. Determine u(6).
-23
Let i(g) = -g**3 + 2*g**2 + g - 1. Give i(2).
1
Let i(m) = 2*m - 5. Determine i(-5).
-15
Let y(f) = -f**2 + 9*f - 15. Determine y(4).
5
Let c(b) = -b**3 - 9*b**2 - 9*b - 12. Calculate c(-8).
-4
Let q(l) = l**2 - 28*l - 62. Give q(29).
-33
Let p(c) = -c**3 - 19*c**2 - c - 2. Calculate p(-19).
17
Let f(u) = -u**2 - 4*u - 24. Give f(-4).
-24
Let s(t) = 6*t - 12. What is s(5)?
18
Let j(g) = -2*g + 10. Give j(0).
10
Let v(j) = -j**3 - 27*j**2 + 38*j + 275. Calculate v(-28).
-5
Let l(i) = -5*i - 178. Give l(-33).
-13
Let k(p) = -7*p + 15. Give k(-3).
36
Let g(m) = -m**3 + 6*m**2 - 16*m + 15. Give g(2).
-1
Let a(b) = -13*b**3 - b**2 - b - 1. What is a(-1)?
12
Let f(g) = 3*g - 19. Calculate f(5).
-4
Let w(t) = 6*t - 26. Give w(6).
10
Let l(t) = t**3 + 6*t**2 + 5*t + 1. What is l(-3)?
13
Let g(c) = 2*c**2 - 16*c + 17. Calculate g(8).
17
Let z(a) = -a**3 + 9*a**2 - 9*a - 5. Calculate z(8).
-13
Let l(t) = 7*t**2 - 2*t - 30. Give l(-4).
90
Let t(r) = -r**2 + r + 2. Calculate t(-3).
-10
Let q(x) = x**